= -k**2 - 15*k - 43. Give v(o).
13
Let q(m) = -2*m - 4. Let a be q(-4). Suppose -5*f + 16 = -2*p + 4, 6 = 5*f + a*p. Let k(u) = -3 - 2 - f*u + 1 - 3. What is k(-6)?
5
Let p(o) = -o**3 - 5*o**2 - 6*o - 6. Let a(r) = -115*r - 2764. Let b be a(-24). Give p(b).
2
Let w(a) = -a**3 + 254*a**2 + 1559*a - 3. Let i be w(-6). Let h(z) be the third derivative of 0*z**i - 18*z**2 - 1/30*z**5 + 0 + 0*z + 1/6*z**4. Determine h(3).
-6
Let t(a) = 139 + 129 + 3*a + 140 - 536 + 134. Suppose 0 = 3*o + 11 + 1. Calculate t(o).
-6
Let o(i) = 571*i + 1140. Let l be o(-2). Let d(h) = -26*h - 4. What is d(l)?
48
Let q(u) = 1 - 1 - u + 7*u. Suppose -5*b = r - 11, 114*r - 115*r - b + 3 = 0. What is q(r)?
6
Let i(l) = -4*l**2 + 106*l - 55. Let m be i(26). Let j(z) = -2*z - 2*z**2 + 6*z**2 - z**3 - 3*z**2 + 3 - 8*z**2. Determine j(m).
-27
Suppose 5*b = y + 10, 0 = -3*y - 3*b + 23 - 17. Suppose 3*u = 3*c - 6, c = -y*c - u. Let o(k) = 3*k**2 - 1. What is o(c)?
2
Let g(d) = -8*d**2 - 4*d - 5. Let f = 3228 - 3230. Calculate g(f).
-29
Suppose 3*w - c = -4, -13*w + 9*w + 4*c = 16. Let l(p) = p + 5 - p - p + w - 25. Determine l(0).
-20
Let m(j) = j**2 - 26*j - 31. Suppose 2*u + 71*n - 69*n = 52, 5*u - 4*n = 139. Determine m(u).
-4
Let w be (-12 - -43) + 12/3. Suppose 5*r = -15 + w. Let g(x) = -7*x - 5. What is g(r)?
-33
Let i(p) be the first derivative of p**2/2 - 15*p - 1. Let t be 1 - 306/(-17) - ((-6)/(-4) + (-4)/(-8)). What is i(t)?
2
Let r(w) = w**2 - 11*w + 2. Let t = 762 + -760. Suppose -3*g - 5*f = -t*g - 5, 2*g - 16 = -4*f. Give r(g).
-8
Let h(t) be the first derivative of 3*t**4/4 - 2*t**3/3 + t - 1. Let c = 53318 + -53316. Calculate h(c).
17
Suppose -29*n - 22 - 40 = 141. Let b(x) = 9*x + 8. Determine b(n).
-55
Let g(y) = 65*y**3 - 5*y**2 + 2 + y - 136*y**3 + 73*y**3. Let h be (-1 + 3)*33/22. What is g(h)?
14
Suppose 6*c - a - 19 = c, 0 = -c - a - 1. Let k(g) be the first derivative of g**4/4 - 4*g**3/3 + 2*g**2 + g + 10. Give k(c).
4
Let o = -445 - -447. Let h be o*-9*6/(-36) - 10. Let u(p) = 3*p**2 - 20*p - 12. Let m(y) = 5*y**2 - 30*y - 18. Let f(i) = 5*m(i) - 8*u(i). Determine f(h).
-15
Let k(v) = -3*v**3 - 2*v**2 + 3*v - 1. Let a = -570 - -590. Let i be 12/a + 21/15. Determine k(i).
-27
Suppose -7 = r - 8. Let h(u) = -4 + 0 - r + 2 - 4*u. Let g be 0 + (3/4 - 154/56). Calculate h(g).
5
Let q(c) be the first derivative of -15*c**4/4 + c**3/3 + c**2 + c - 168. Give q(-1).
15
Suppose -147*b + 142*b = 5. Let o = b - 2. Let n(a) = -a**2. What is n(o)?
-9
Let v(a) be the third derivative of 1/20*a**5 - 102*a**2 + 0*a + 0 - 1/6*a**4 + 0*a**3 + 1/60*a**6. What is v(-3)?
-15
Let g(d) = -2*d + 8. Let p(s) = -8*s**2 - 1. Let q be (-7)/35 + (-11)/(55/(-6)). Let v be p(q). Determine g(v).
26
Let y(b) = -b**3 - 5*b**2 + 2*b + 5. Let q(k) = -6*k + 8*k - 14*k + 103. Let s be q(9). Give y(s).
-5
Let w(z) = -z**2 - z + 1. Let f be (-2)/6*5/25*0. Suppose o + o = f. Suppose o = -3*t - 6, -4*j - 5*t - 5 + 3 = 0. What is w(j)?
-5
Let x(l) be the third derivative of -l**6/120 + l**5/60 + l**4/12 - 2*l**2. Let c be 3 + 232/(-72) + (-25)/9. Let h be (-6 - (-84)/18)*c/2. Determine x(h).
0
Let u(m) = -12 + 28 - 7 - 29*m + m**2 + 34*m - 2*m**3 - 11. Determine u(-3).
46
Let y(s) = 2*s**2 + 2*s - 4. Let i = 297 + -299. Let v be y(i). Let q(t) = -2*t**2 + t**2 + t**3 - 4 - 1 + t. Calculate q(v).
-5
Let t(v) = 106*v - 210*v + 3*v**3 + 12 + 103*v - 4 + v**2 - 6. Let b be 2/4 + (-6)/(-4). What is t(b)?
28
Suppose 0*q + 5 = q. Let l(p) = -p**3 - 17*p**2 - 57*p + 38. Let w be l(-12). Suppose s - q = w*s. Let r(t) = -t - 5. Determine r(s).
0
Suppose -543*c + 514*c + 203 = 0. Let l(k) = 2*k + 2. Calculate l(c).
16
Let i(d) be the second derivative of -2*d + 0*d**2 + 0 - 1/6*d**4 + 1/6*d**3. Suppose -13 = 107*r + 23*r + 247. Give i(r).
-10
Let h(r) = 478*r - 474*r + 3 + 5 + 12 - 7. What is h(-4)?
-3
Let c(p) = p - 5. Let v(t) = -6*t - 11. Let j(i) = 5*i**2 - 46*i + 6. Let b be j(9). Let k be v(b). What is c(k)?
2
Let o(b) be the second derivative of -5*b**3/6 - 17*b**2 + 8230*b. What is o(-3)?
-19
Suppose 95*c - 128*c + 165 = 0. Let f(b) be the third derivative of 0*b + 1/6*b**3 - 1/8*b**4 + 19*b**2 + 1/60*b**c + 0. Determine f(2).
-1
Suppose -4*v + 4*y = 28, 0 = 2*v + 4*y + 19 - 29. Let g(x) = 4*x**2 + 2*x - 1. Give g(v).
29
Let g(u) = 3*u**3 + 2*u**2 + 2*u - 1. Let z be 7 - (2/4*-4 - -11). Calculate g(z).
-21
Let u(f) be the first derivative of f**4/4 + 17*f**3/3 + 15*f**2/2 + 2*f - 365. What is u(-16)?
18
Let q be (-324)/(-33) - (-14)/77. Let x(s) = -2*s + 32. Let n be x(q). Let p(o) = 3 - o - n + 19. Determine p(8).
2
Suppose -7*x - 8 = 13. Let g(d) be the first derivative of -3*d**2/2 + 2*d - 49. Determine g(x).
11
Let f(t) = t**3 - t**2 - t - 8. Let k = 244 - 197. Let z = -47 + k. Give f(z).
-8
Let u(k) = 4*k**2 + 4*k + 1. Let s(f) = 6*f**2 - 99*f + 106*f + 2 + f**2. Let p(d) = -3*s(d) + 5*u(d). Determine p(-5).
-21
Let m(y) = -y**3 - 8*y**2 - 9*y - 3. Let z(t) = 15*t - 2*t + 82 + t**2 + 13*t. Let r be z(-4). What is m(r)?
-21
Let y be 1 - -1 - 0/(3 + -6). Let j(x) = -2*x**2 + 2*x + 1. Let h be j(y). Let i be 6 - (10 + h + -4). Let z(g) = g + 3. Determine z(i).
6
Let m(f) = 3 - 19 + 4*f**3 - 22565*f + 8*f**2 + 22571*f - 3*f**3. Suppose 3*w - 4*w - 7 = 0. What is m(w)?
-9
Let b(f) = -f**3 - 2*f**2 + f + 2. Let x be (2 - 0 - 6) + 672/28. Let r(v) = -v**2 + 24*v - 82. Let h be r(x). Determine b(h).
0
Let x = 25423 + -25436. Let g(v) = v**2 + 16*v + 47. Calculate g(x).
8
Let f(j) = -1 + 2*j + 2 + j**2 - j. Let r(d) = 4*d**3 + 47*d**2 - 11*d + 10. Let q be r(-12). Let s be (q/(-6))/(14/84). What is f(s)?
7
Let m(g) = 10*g - 27. Let z(q) = 48*q - 140. Let c(i) = -19*m(i) + 4*z(i). Calculate c(14).
-19
Let z = 3994 - 3994. Let n(l) be the second derivative of 5/2*l**2 - 1/12*l**4 + z - 11*l - 5/6*l**3. Give n(-4).
9
Suppose l + 2*l + 345 = 363. Let f(w) = w**3 - 8*w**2 + 7*w - 19. Determine f(l).
-49
Let n(o) be the second derivative of -7*o**5/5 + o**3/3 - o**2/2 - 1378*o + 2. Suppose -4*d - 4 = -8. What is n(d)?
-27
Let a(y) = -y**3 - 4*y**2 + 7*y. Suppose 237 - 99 = -23*z. Determine a(z).
30
Let h(c) = -2 - 2 - c - c + 2. Let k(g) = g + 1. Let r(q) = -2*h(q) - 3*k(q). Suppose -7*z - 11*z = 0. What is r(z)?
1
Let j(x) = -9*x + 27 - x + 29 + x**2 - 40 + x**2. Determine j(4).
8
Let b(v) = -14*v**2 - v**2 - 2*v + 9*v**2 - 2 + 7*v**2 - v. What is b(-1)?
2
Suppose 2*p - 3*u = 240 - 236, 0 = -p - 3*u + 29. Let q(s) = -s**2 + 9*s + 32. Determine q(p).
10
Let n = -619 + 319. Let h = n + 302. Let j(z) = 2*z**2 - z. Give j(h).
6
Let l = -18496 + 18495. Let j(n) = -42*n - 54. Calculate j(l).
-12
Let c(w) = 5*w**2 - 18*w + 11. Let z be c(7). Let k(s) = 6 - 3*s - 251*s**2 + 127*s**2 + z*s**2 + s**3. Give k(-6).
24
Let s(f) = 4*f**3 + 36*f**2 - f - 6. Let p(v) = 2606*v + 10415. Let r be p(-4). Determine s(r).
3
Let j(m) be the third derivative of m**6/60 - 29*m**5/60 - 17*m**4/24 + 6*m**3 - 31*m**2 - 10. Give j(15).
6
Let k = -92 + 95. Suppose -k*w + 11 = -2*a, 0*a - 2*a - 4 = 4*w. Let p(y) = y. Calculate p(w).
1
Let f = 43 + -41. Suppose -f*h - 3*g + 1 = 16, 0 = 4*g + 12. Let d be (7 - 1)/(1/(h + 2)). Let i(x) = x**2 + 5*x - 7. What is i(d)?
-1
Let r(a) = 35*a - 27. Let v(w) = 70*w - 49. Let y(h) = 11*r(h) - 6*v(h). What is y(-1)?
32
Let g(s) = -s**2 + 11*s - 7. Let i be g(11). Let b(x) = -x**3 - 9*x**2 - 14*x - 1. What is b(i)?
-1
Let f(v) = 2*v**2 + 515*v + 34. Let w(o) = -o**2 - 197*o - 12. Let t(n) = 3*f(n) + 8*w(n). Determine t(-15).
21
Let m = -9310 - -9316. Let s(d) = -5*d**3 - 17*d**2 - 8*d - 3. Let z(p) = 2*p**3 + 8*p**2 + 4*p + 1. Let l(k) = 3*s(k) + 7*z(k). Calculate l(m).
-14
Let f(x) = 17*x**3 + 1. Let i(p) = -3*p**2 - p - 1. Let u(b) = -11*b**2 - 7*b - 21. Let c(a) = 4*i(a) - u(a). Let k be c(6). Calculate f(k).
-16
Let c(y) = -16*y - 84. Suppose 45*h + 9219 = 8994. Calculate c(h).
-4
Let p = -6 + 1. Let x(z) = -3*z**2 - z - 2. Suppose -s - g + 2 = -6, 3*g = 2*s + 4. Let l(o) = 7*o**2 + 3*o + 3. Let a(f) = s*l(f) + 9*x(f). Calculate a(p).
4
Let r(t) = t**3 + t**2 - t - 4. Let q(z) = z**3 + 6*z**2 - 5*z - 30. Let a be 38/(-6) - ((-16)/12)/4. Let u be q(a). Calculate r(u).
-4
Let q(l) = 9*l + 52. Let z(r) = -2*r**3 + 8*r**2 - 16*r + 10. Let y be z(2). Give q(y).
-2
Let w(z) = -3*z**3 - z**2. Let a